 highest common factor of v and 2967?
23
Let a(s) = -2*s**2 + 138*s - 1262. Let h be a(11). Let d = 1449 + -161. Calculate the greatest common divisor of h and d.
14
Suppose 32 = -2*q - 2*q. Let u be ((-2)/(-1))/(q/(-332)) - 3. What is the highest common divisor of u and 20?
20
Let s be 132/(-9)*(-2667)/28. Calculate the greatest common divisor of s and 99.
11
Let b be 2/((-48)/4) - (-15386)/12. Let w be 7/(-14) + b/4. Calculate the highest common factor of w and 192.
64
Suppose 2*m - 46 = -38, 3*m = 2*k + 108. Let w be (k/(-40))/((-12)/(-210)). What is the highest common factor of w and 56?
7
Suppose -135 = -5*v + 11*u - 16*u, 16 = 4*u. Let i be (1 + (-15)/10)*-92. Calculate the greatest common divisor of v and i.
23
Let i = 15819 - 15594. Calculate the greatest common factor of i and 3300.
75
Suppose 7906 = 51*o - 4436. What is the highest common divisor of 44 and o?
22
Let m be (88/36)/(-11)*-9. Suppose m*g + 22 = -g - 5*j, -3*j - 10 = 5*g. Calculate the greatest common divisor of g and 47.
1
Let y = 1425 - 1408. Let j = 13 + -11. Let v be (-1 - -3 - -32)/j. Calculate the greatest common factor of v and y.
17
Suppose -z = 5*u - 332, -4*z + 5*u + 285 = -943. Calculate the highest common divisor of z and 1464.
24
Suppose -4*f + 99 = -93. Let v be 20/(-3)*12528/(-435). What is the highest common divisor of v and f?
48
Let l(s) = 2*s + 48. Let t be l(0). Let x be t*(52/(-8))/(-13). Calculate the highest common factor of x and 16.
8
Let w(g) be the second derivative of -g**5/20 + 5*g**4/12 - 23*g**3/6 + 127*g**2/2 + 132*g. Let d be w(5). What is the highest common divisor of 28 and d?
4
Let w = 21 - 11. Suppose 2*i - 3 - 1 = 0, 0 = 2*f + i - w. Suppose 30 = -n + f*n. Calculate the highest common divisor of n and 30.
10
Let p(s) be the second derivative of 7*s**4/6 - 35*s**3/6 + 15*s**2/2 - 2*s + 24. Let u be p(5). Calculate the greatest common divisor of u and 57.
19
Let n = 1909 + -1658. Calculate the highest common factor of n and 2.
1
Suppose -94*k - 20328 = -336*k. Suppose -5*d = -o - 245, 3*d = 4*o - 2*o + 154. Calculate the greatest common divisor of k and d.
12
Let i = 225 + 2. Let g = i + -219. What is the highest common divisor of 16 and g?
8
Let x(p) = 8*p**2 - 2*p**2 - 46 - 5*p**2 - 5 - 8*p. Let l be x(20). What is the greatest common divisor of 7 and l?
7
Suppose 34 = y + 3*f + 3, -3*y = 3*f - 105. Calculate the highest common divisor of 1961 and y.
37
Let c be 7/(-5) - 579553/(-545). Calculate the greatest common factor of 90 and c.
18
Let q be (7480/476)/((-2)/(-70)). Let f = -469 + q. What is the greatest common factor of 216 and f?
27
Let s be ((-2)/6*(-756)/90)/(2/10). Calculate the greatest common factor of 301 and s.
7
Suppose 0 = 2*i + 3*n + 17, 2*i + 0*i + 16 = -4*n. Let l be -63 + (8/(-20) - 14/i). Let s = 18 - l. What is the greatest common factor of s and 32?
16
Let n = -19 + 51. Suppose 140 = 4*s + n. Let o be -9*(19 - (-10 - -32)). Calculate the greatest common factor of s and o.
27
Let o = -21 - -29. Let b be (190/(-25))/(o/(-20)). Suppose 14*s + 15 = b*s. Calculate the greatest common factor of s and 3.
3
Suppose -80*n = -77*n + 141. Let p = n + 53. Suppose -2*j + p*j - 36 = 0. Calculate the greatest common divisor of 45 and j.
9
Suppose -2*u + 282 = -4*r, r + 7 + 421 = 3*u. Calculate the greatest common divisor of 4927 and u.
13
Let t be 0/(-303) - 2/(-1 + -1). Let n(h) = h**2 + 2*h - 1. Let m be n(-3). Suppose m*p - 40 = -3*p. Calculate the highest common divisor of p and t.
1
Suppose 8*n - 41*l - 181 = -36*l, 3*n - 4*l - 70 = 0. Calculate the greatest common factor of n and 1793.
11
Let u = 116824 + -116390. Suppose 2*i + 2*i = 248. Calculate the highest common factor of u and i.
62
Let q(g) be the second derivative of g**5/10 - g**4/6 + 15*g**2 - 6*g - 17. Let l be q(0). Calculate the greatest common factor of l and 18.
6
Let o be ((-2)/8)/((-12)/432). Suppose 21 - 606 = -5*s. Calculate the greatest common factor of s and o.
9
Suppose 4*p = -2*s + 3 + 5, s - 3 = -p. Suppose -3*c + o = -77, -2*o - 40 = -s*c + 6. Suppose -3*d = -5*d + 270. What is the greatest common divisor of d and c?
27
Suppose -42*v - 2*x = -41*v - 104, -482 = -4*v + 3*x. What is the highest common factor of 928 and v?
116
Suppose -1453*j + 1436*j = -646. What is the greatest common factor of j and 798?
38
Let n(s) = -9*s - 26 + 24*s - 7*s. Let v be n(10). What is the greatest common divisor of v and 18?
18
Suppose 0 = 2*h - 3*n - 678, 2*n + 241 = h - 100. Calculate the highest common divisor of h and 99.
9
Let b be (-8)/(0 + 1 - 30/20). Let c = 179 + 189. Calculate the highest common factor of c and b.
16
Suppose 4*c - 92 = 148. Suppose 3*j + 3461 = -i + 3510, -2*i - 42 = -j. Calculate the highest common divisor of c and j.
20
Suppose 3*m + 10 = 31. Let c(y) = -9*y - 10*y - 3*y + 0*y**2 + 14*y**2 - 16 - 2*y**3 + 32*y. Let n be c(m). Calculate the greatest common divisor of 432 and n.
54
Suppose 0 = -64*d + 28*d + 61056. What is the greatest common factor of d and 265?
53
Let w = 231 - 116. Suppose -4*m - v = 184, 2*m + m - 5*v + w = 0. Let b be -4 + m/(-10) - (-18)/4. Calculate the highest common divisor of b and 80.
5
Suppose -q = -5*i + 2*q - 24, 0 = -4*i - q - 9. Let n be 22 - (-12)/i - -1. What is the highest common divisor of 57 and n?
19
Let r = 1 - -16. Suppose r = -q + 52. Suppose 5*i - 36 = -3*x - 0*i, -30 = -3*x - 3*i. Calculate the highest common divisor of x and q.
7
Let m(d) = 11*d**2 - 264*d - 42. Let h be m(31). Calculate the highest common factor of h and 70.
35
Let z be ((-4)/(-10))/(1/135). Suppose -130*h + 2 = -129*h - 2*s, -3*h - 4*s = -6. What is the highest common factor of z and h?
2
Suppose -5*i + 50886 = 16111. Suppose -295 + i = 9*m. Let o = 1092 - m. What is the highest common divisor of o and 32?
32
Let w = 289 - 190. Let c be (-3)/(-12) - w/(-36). Suppose -121 + 43 = -2*t. Calculate the highest common divisor of c and t.
3
Let o(k) = -6 - 15*k**2 + 127*k - 66*k - 64*k. Let n be o(-3). Let p = -87 - n. Calculate the greatest common factor of 18 and p.
9
Let b(h) be the first derivative of 8 - 3*h**2 + 15*h + 13*h**2 + 6*h**2. Let t be b(5). Calculate the highest common factor of t and 25.
25
Let o = -3337 - -4267. What is the greatest common factor of o and 105?
15
Let x(l) = 2*l**2 - 95*l + 1073. Let p be x(18). Calculate the greatest common divisor of p and 5027.
11
Let b = -5454 - -5764. Calculate the highest common factor of 434 and b.
62
Suppose -1119*z - 762 = -1122*z. Calculate the highest common factor of z and 10541.
127
Let p(x) = x**3 - x**2 + 2*x + 3. Let i be p(0). Suppose 3*a - 7 - 26 = 0. Suppose -a*f = -i*f - 32. Calculate the highest common divisor of 36 and f.
4
Suppose k = 6*k - 45. Let c be (-13)/(3 - 30/k). Suppose -w + 5*d + 43 = 0, 18 = -5*d + 2*d. Calculate the greatest common divisor of w and c.
13
Suppose 3*n = -x - 571 + 4790, 4*x = 3*n - 4244. Calculate the greatest common divisor of 640 and n.
128
Let x(d) = 17*d + 17. Let a be x(-1). Suppose -l - 176 = -5*n, a*l + 192 = 5*n + 3*l. What is the greatest common divisor of 60 and n?
12
Let t(b) = 26*b**2. Let g be t(1). Let u be 4/42 - ((-1488)/252 + -7). Calculate the highest common divisor of g and u.
13
Suppose -7*c + 12*c - 72 = -3*z, 5*z - 8 = c. Let k be 2475/c - (-3)/4. Calculate the greatest common factor of 23 and k.
23
Let t = -42 + -9. Let l = 54 + t. Suppose -5*j + l*j + 14 = 0. What is the greatest common divisor of j and 49?
7
Suppose -5*o = t - 74, -5*t = -7*o + 2*o - 280. What is the greatest common divisor of t and 1003?
59
Let t be 4/18 + (-7)/6*(-2096)/12. What is the greatest common divisor of 504 and t?
12
Suppose 2406 - 449 = 19*g. What is the greatest common divisor of g and 4120?
103
Suppose -13*k - 5*k = -3906. Let h = k + -173. Calculate the greatest common divisor of h and 33.
11
Suppose 390 = -10*f - 90. Let t be (-666)/f - 1/(-8). What is the highest common factor of t and 56?
14
Suppose 3*s - 2*s + 4*d = 21, 4*s + 5*d = 139. Let w = -25 + s. Let h = 1630 + -1606. Calculate the greatest common factor of w and h.
8
Let d be 4 - 9*(-11 + 8). Suppose d*p - 18256 = 14914. What is the highest common divisor of p and 10?
10
Let b = -6579 - -7844. What is the greatest common factor of b and 110?
55
Suppose 10 - 3 =